{"id":1632,"date":"2014-10-29T11:00:52","date_gmt":"2014-10-29T11:00:52","guid":{"rendered":"http:\/\/logistic.freevision.me\/?page_id=92"},"modified":"2021-11-15T11:45:36","modified_gmt":"2021-11-15T11:45:36","slug":"nous-connaitre","status":"publish","type":"page","link":"https:\/\/afritrans-ci.com\/index.php\/nous-connaitre\/","title":{"rendered":"A Propos"},"content":{"rendered":"<p>[vc_row bg_parallax=&#8221;off&#8221; font_color=&#8221;#ffffff&#8221; css=&#8221;.vc_custom_1636976731623{margin-top: 0px !important;margin-bottom: 0px !important;padding-top: 100px !important;padding-bottom: 100px !important;background-image: url(https:\/\/afritrans-ci.com\/wp-content\/uploads\/2021\/08\/banner-about.jpg?id=1844) !important;}&#8221;][vc_column][vc_column_text]<\/p>\n<h1 style=\"text-align: center;\">L&#8217;ENTREPRISE<\/h1>\n<h3 style=\"text-align: center;\"><span style=\"color: #ffffff;\">Fournisseur national de solutions de transport et de logistique.\u00a0<\/span><\/h3>\n<p>[\/vc_column_text][\/vc_column][\/vc_row][vc_row bg_parallax=&#8221;off&#8221; css=&#8221;.vc_custom_1414616349744{margin-top: 0px !important;margin-bottom: 0px !important;padding-top: 60px !important;padding-bottom: 0px !important;}&#8221;][vc_column width=&#8221;1\/2&#8243;][vc_single_image image=&#8221;2015&#8243; img_size=&#8221;full&#8221; alignment=&#8221;center&#8221; css=&#8221;.vc_custom_1636975038926{margin-bottom: 0px !important;padding-bottom: 0px !important;}&#8221;][\/vc_column][vc_column width=&#8221;1\/2&#8243;][vc_column_text css=&#8221;.vc_custom_1629089985075{margin-bottom: 0px !important;padding-bottom: 0px !important;}&#8221;]<\/p>\n<h3>\u00a0Afritrans, la soci\u00e9t\u00e9 de logistique de choix pour r\u00e9pondre \u00e0 vos besoins gr\u00e2ce une gamme compl\u00e8te de services sur lesquels vous pouvez compter.<\/h3>\n<p>[\/vc_column_text][vc_separator][vc_column_text]<\/p>\n<h5 style=\"text-align: justify;\">Nouvellement cr\u00e9\u00e9e dans le domaine de la logistique en C\u00f4te d&#8217;Ivoire, <strong>Afritrans<\/strong> est d\u00e9di\u00e9 au transport et \u00e0 la manutention de tous types de marchandises ainsi qu&#8217;au stockage et \u00e0 la distribution de produits. Nos services de haut niveau sont con\u00e7us pour r\u00e9pondre \u00e0 vos besoins sp\u00e9cifiques, pour une op\u00e9ration transparente et rentable. Notre personnel expert &#8211; avec des ann\u00e9es d&#8217;exp\u00e9rience et d&#8217;expertise dans le secteur &#8211; s&#8217;engage \u00e0 vous fournir la meilleure exp\u00e9rience globale possible.<\/h5>\n<h5><span style=\"font-size: 12pt;\"><strong>Optimisons ensemble les co\u00fbts de votre chaine de distribution.<\/strong><\/span><\/h5>\n<p>[\/vc_column_text][\/vc_column][\/vc_row][vc_row bg_parallax=&#8221;on&#8221; css=&#8221;.vc_custom_1629090741942{margin-top: 0px !important;margin-bottom: 0px !important;padding-top: 100px !important;padding-bottom: 80px !important;background-image: url(https:\/\/afritrans-ci.com\/wp-content\/uploads\/2021\/08\/about-banner.jpg?id=1843) !important;}&#8221; font_color=&#8221;#ffffff&#8221;][vc_column width=&#8221;1\/2&#8243; css=&#8221;.vc_custom_1629090561926{background-color: #893301 !important;}&#8221;]<h3 class=\"ozy-divider-cap-left wpb_content_element\">NOTRE ENGAGEMENT<\/h3><div class=\"ozy-content-divider \" style=\"border-top-style:solid;border-top-width:2px;border-top-color:#d3402a;width:40px;max-width:40px;float:left;\"><\/div><div style=\"height:30px\" class=\"ozy-spacer\"><\/div>[vc_column_text]<\/p>\n<h5><span style=\"color: #ffffff;\">Avec vous, notre \u00e9quipe d&#8217;expert renouvelle son engagement de satisfaction clients, de d\u00e9veloppement avec une ambition permanente de rester un leader de la chaine logistique. Tout en respectant une d\u00e9marche environnementale importante, nous menons une politique d&#8217;optimisation tourner vers de nouvelles innovations technologiques et techniques.<\/span><\/h5>\n<p>[\/vc_column_text][\/vc_column][vc_column width=&#8221;1\/2&#8243; css=&#8221;.vc_custom_1629090590204{background-color: #f7c522 !important;}&#8221;]<h3 class=\"ozy-divider-cap-left wpb_content_element\">NOTRE VISION<\/h3><div class=\"ozy-content-divider \" style=\"border-top-style:solid;border-top-width:2px;border-top-color:#0a0101;width:40px;max-width:40px;float:left;\"><\/div><div style=\"height:30px\" class=\"ozy-spacer\"><\/div>[vc_column_text]<\/p>\n<h5><span style=\"color: #000000;\">A travers chacune de ses op\u00e9rations ou prestations, la recherche de l&#8217;excellence et de l&#8217;efficacit\u00e9 reste l&#8217;objectif principal. Gr\u00e2ce \u00e0 des process rigoureux et m\u00e9thodiques notre expertise s&#8217;adapte afin de garantir au client, \u00e0 long terme, des prestations et des produits conformes \u00e0 leurs attentes.<\/span><\/h5>\n<p>[\/vc_column_text][\/vc_column][\/vc_row][vc_row disable_element=&#8221;yes&#8221; bg_parallax=&#8221;off&#8221; css=&#8221;.vc_custom_1629095836127{margin-top: 0px !important;margin-bottom: 0px !important;padding-top: 60px !important;padding-bottom: 60px !important;}&#8221;][vc_column]<h3 class=\"ozy-divider-cap-left wpb_content_element\">RENCONTRER NOS EXPERTS<\/h3><div class=\"ozy-content-divider \" style=\"border-top-style:solid;border-top-width:2px;border-top-color:#34ccff;width:40px;max-width:40px;float:left;\"><\/div><div style=\"height:30px\" class=\"ozy-spacer\"><\/div>[vc_tour][vc_tab title=&#8221;William Kerry&#8221; tab_id=&#8221;1414619330-1-86&#8243;][vc_column_text]<\/p>\n<h4><img loading=\"lazy\" class=\"alignleft size-full wp-image-110\" src=\"https:\/\/s3.amazonaws.com\/logistic\/uploads\/2014\/10\/testimonials2.jpg\" alt=\"testimonials2\" width=\"100\" height=\"100\" \/>William Kerry<\/h4>\n<h6><span style=\"color: #00ccff;\">Managing Director<\/span><\/h6>\n<p>Mixtape taxidermy plaid crucifix, Cosby sweater occupy cold-pressed Portland pop-up lo-fi PBR&amp;B kale chips readymade. Flexitarian bitters Shoreditch literally paleo. Vice letterpress Bushwick direct trade fingerstache tattooed. Stumptown flannel mlkshk wayfarers forage, plaid VHS drinking vinegar quinoa YOLO.[\/vc_column_text][\/vc_tab][vc_tab title=&#8221;Sarah Connor&#8221; tab_id=&#8221;1414627238322-2-8&#8243;][vc_column_text]<\/p>\n<h4><a href=\"https:\/\/s3.amazonaws.com\/logistic\/uploads\/2014\/10\/testimonials3.jpg\"><img loading=\"lazy\" class=\"alignleft wp-image-111 size-full\" src=\"https:\/\/s3.amazonaws.com\/logistic\/uploads\/2014\/10\/testimonials3.jpg\" alt=\"\" width=\"100\" height=\"100\" \/><\/a>Sarah Connor<\/h4>\n<h6><span style=\"color: #00ccff;\">Managing Partner<\/span><\/h6>\n<p>Mixtape taxidermy plaid crucifix, Cosby sweater occupy cold-pressed Portland pop-up lo-fi PBR&amp;B kale chips readymade. Flexitarian bitters Shoreditch literally paleo. Vice letterpress Bushwick direct trade fingerstache tattooed. Stumptown flannel mlkshk wayfarers forage, plaid VHS drinking vinegar quinoa YOLO.[\/vc_column_text][\/vc_tab][vc_tab title=&#8221;Mathilda Joop&#8221; tab_id=&#8221;1414627319361-2-6&#8243;][vc_column_text]<\/p>\n<h4><a href=\"https:\/\/s3.amazonaws.com\/logistic\/uploads\/2014\/10\/testimonials1.jpg\"><img loading=\"lazy\" class=\"alignleft wp-image-109 size-full\" src=\"https:\/\/s3.amazonaws.com\/logistic\/uploads\/2014\/10\/testimonials1.jpg\" alt=\"\" width=\"100\" height=\"100\" \/><\/a>Mathilda Joop<\/h4>\n<h6><span style=\"color: #00ccff;\">Operational Manager<br \/>\n<\/span><\/h6>\n<p>Mixtape taxidermy plaid crucifix, Cosby sweater occupy cold-pressed Portland pop-up lo-fi PBR&amp;B kale chips readymade. Flexitarian bitters Shoreditch literally paleo. Vice letterpress Bushwick direct trade fingerstache tattooed. Stumptown flannel mlkshk wayfarers forage, plaid VHS drinking vinegar quinoa YOLO.[\/vc_column_text][\/vc_tab][\/vc_tour][\/vc_column][\/vc_row]<\/p>\n","protected":false},"excerpt":{"rendered":"<p>[vc_row bg_parallax=&#8221;off&#8221; font_color=&#8221;#ffffff&#8221; css=&#8221;.vc_custom_1636976731623{margin-top: 0px !important;margin-bottom: 0px !important;padding-top: 100px !important;padding-bottom: 100px !important;background-image: url(https:\/\/afritrans-ci.com\/wp-content\/uploads\/2021\/08\/banner-about.jpg?id=1844) !important;}&#8221;][vc_column][vc_column_text] L&#8217;ENTREPRISE Fournisseur national de solutions de transport et de logistique.\u00a0 [\/vc_column_text][\/vc_column][\/vc_row][vc_row bg_parallax=&#8221;off&#8221; css=&#8221;.vc_custom_1414616349744{margin-top: 0px !important;margin-bottom: 0px [&hellip;]<\/p>\n","protected":false},"author":1,"featured_media":0,"parent":0,"menu_order":0,"comment_status":"open","ping_status":"closed","template":"","meta":[],"_links":{"self":[{"href":"https:\/\/afritrans-ci.com\/index.php\/wp-json\/wp\/v2\/pages\/1632"}],"collection":[{"href":"https:\/\/afritrans-ci.com\/index.php\/wp-json\/wp\/v2\/pages"}],"about":[{"href":"https:\/\/afritrans-ci.com\/index.php\/wp-json\/wp\/v2\/types\/page"}],"author":[{"embeddable":true,"href":"https:\/\/afritrans-ci.com\/index.php\/wp-json\/wp\/v2\/users\/1"}],"replies":[{"embeddable":true,"href":"https:\/\/afritrans-ci.com\/index.php\/wp-json\/wp\/v2\/comments?post=1632"}],"version-history":[{"count":10,"href":"https:\/\/afritrans-ci.com\/index.php\/wp-json\/wp\/v2\/pages\/1632\/revisions"}],"predecessor-version":[{"id":2017,"href":"https:\/\/afritrans-ci.com\/index.php\/wp-json\/wp\/v2\/pages\/1632\/revisions\/2017"}],"wp:attachment":[{"href":"https:\/\/afritrans-ci.com\/index.php\/wp-json\/wp\/v2\/media?parent=1632"}],"curies":[{"name":"wp","href":"https:\/\/api.w.org\/{rel}","templated":true}]}}