{"id":1991,"date":"2021-09-04T06:15:53","date_gmt":"2021-09-04T06:15:53","guid":{"rendered":"https:\/\/afritrans-ci.com\/index.php\/tableau-de-bord-des-postes\/"},"modified":"2021-11-15T13:04:26","modified_gmt":"2021-11-15T13:04:26","slug":"liste-des-offres","status":"publish","type":"page","link":"https:\/\/afritrans-ci.com\/index.php\/liste-des-offres\/","title":{"rendered":"Carri\u00e8re"},"content":{"rendered":"<p>[vc_row css=&#8221;.vc_custom_1636981243377{padding-top: 15px !important;}&#8221;][vc_column][vc_empty_space height=&#8221;30px&#8221;][vc_column_text]<\/p>\n<div id=\"job-manager-job-dashboard\">\n\n\t<p class=\"account-sign-in\">Vous devez \u00eatre connect\u00e9 pour g\u00e9rer vos offres. <a class=\"button\" href=\"https:\/\/afritrans-ci.com\/wp-login.php?redirect_to=https%3A%2F%2Fafritrans-ci.com%2Findex.php%2Fliste-des-offres%2F\">Connectez-vous<\/a><\/p>\n\n<\/div>\n[\/vc_column_text][\/vc_column][\/vc_row]<\/p>\n","protected":false},"excerpt":{"rendered":"<p>[vc_row css=&#8221;.vc_custom_1636981243377{padding-top: 15px !important;}&#8221;][vc_column][vc_empty_space height=&#8221;30px&#8221;][vc_column_text] [\/vc_column_text][\/vc_column][\/vc_row]<\/p>\n","protected":false},"author":1,"featured_media":0,"parent":0,"menu_order":0,"comment_status":"closed","ping_status":"closed","template":"","meta":[],"_links":{"self":[{"href":"https:\/\/afritrans-ci.com\/index.php\/wp-json\/wp\/v2\/pages\/1991"}],"collection":[{"href":"https:\/\/afritrans-ci.com\/index.php\/wp-json\/wp\/v2\/pages"}],"about":[{"href":"https:\/\/afritrans-ci.com\/index.php\/wp-json\/wp\/v2\/types\/page"}],"author":[{"embeddable":true,"href":"https:\/\/afritrans-ci.com\/index.php\/wp-json\/wp\/v2\/users\/1"}],"replies":[{"embeddable":true,"href":"https:\/\/afritrans-ci.com\/index.php\/wp-json\/wp\/v2\/comments?post=1991"}],"version-history":[{"count":5,"href":"https:\/\/afritrans-ci.com\/index.php\/wp-json\/wp\/v2\/pages\/1991\/revisions"}],"predecessor-version":[{"id":2023,"href":"https:\/\/afritrans-ci.com\/index.php\/wp-json\/wp\/v2\/pages\/1991\/revisions\/2023"}],"wp:attachment":[{"href":"https:\/\/afritrans-ci.com\/index.php\/wp-json\/wp\/v2\/media?parent=1991"}],"curies":[{"name":"wp","href":"https:\/\/api.w.org\/{rel}","templated":true}]}}